{"id":453,"date":"2024-04-29T17:59:41","date_gmt":"2024-04-29T15:59:41","guid":{"rendered":"https:\/\/redenjambre.com\/?page_id=453"},"modified":"2024-05-04T17:47:42","modified_gmt":"2024-05-04T15:47:42","slug":"cafe-monte-redondo","status":"publish","type":"page","link":"https:\/\/redenjambre.com\/index.php\/cafe-monte-redondo\/","title":{"rendered":"Caf\u00e9 Monte Redondo"},"content":{"rendered":"\n<figure class=\"wp-block-image aligncenter size-full\"><img fetchpriority=\"high\" decoding=\"async\" width=\"306\" height=\"297\" src=\"https:\/\/redenjambre.com\/wp-content\/uploads\/2024\/04\/image-13.png\" alt=\"\" class=\"wp-image-454\" srcset=\"https:\/\/redenjambre.com\/wp-content\/uploads\/2024\/04\/image-13.png 306w, https:\/\/redenjambre.com\/wp-content\/uploads\/2024\/04\/image-13-300x291.png 300w\" sizes=\"(max-width: 306px) 100vw, 306px\" \/><\/figure>\n\n\n\n<p><strong>Asociaci\u00f3n Manos Unidas por el Caf\u00e9<\/strong><\/p>\n\n\n\n<p><strong>Vereda: <\/strong>San Gerardo<\/p>\n\n\n\n<p><strong>N\u00famero de participantes: <\/strong>20 familias<\/p>\n\n\n\n<p><strong>Descripci\u00f3n del proceso del emprendimiento<\/strong><\/p>\n\n\n\n<p>El nombre de Caf\u00e9 Monte Redondo, hace honor a su territorio, el emprendimiento es reconocido por su calidad y aromas excepcionales, dado su proceso de producci\u00f3n y transformaci\u00f3n, por su parte el caf\u00e9 es recolectado de manera artesanal y con base en conocimientos tradicionales y capacitaciones se busca potenciar la calidad del caf\u00e9. Cabe destacar que todos los miembros hacen parte integral desde el proceso productivo, a la transformaci\u00f3n y comercializaci\u00f3n del caf\u00e9, lo que paulatinamente ha impulsado el proceso comunitario entre las integrantes de la asociaci\u00f3n<\/p>\n\n\n\n<p><strong>Contacto: <\/strong>316 843 73 43<\/p>\n\n\n\n<figure class=\"wp-block-embed is-type-video is-provider-youtube wp-block-embed-youtube wp-embed-aspect-16-9 wp-has-aspect-ratio\"><div class=\"wp-block-embed__wrapper\">\n<iframe title=\"CAF\u00c9 MONTE REDONDO, Asociaci\u00f3n Manos Unidas por el Caf\u00e9. Municipio de San Lorenzo.\" width=\"950\" height=\"534\" src=\"https:\/\/www.youtube.com\/embed\/76TFstoXG_o?feature=oembed\" frameborder=\"0\" allow=\"accelerometer; autoplay; clipboard-write; encrypted-media; gyroscope; picture-in-picture; web-share\" referrerpolicy=\"strict-origin-when-cross-origin\" allowfullscreen><\/iframe>\n<\/div><\/figure>\n","protected":false},"excerpt":{"rendered":"<p>Asociaci\u00f3n Manos Unidas por el Caf\u00e9 Vereda: San Gerardo N\u00famero de participantes: 20 familias Descripci\u00f3n del proceso del emprendimiento El nombre de Caf\u00e9 Monte Redondo, hace honor a su territorio, el emprendimiento es reconocido por su calidad y aromas excepcionales, dado su proceso de producci\u00f3n y transformaci\u00f3n, por su parte el caf\u00e9 es recolectado de &hellip; <\/p>\n<p class=\"link-more\"><a href=\"https:\/\/redenjambre.com\/index.php\/cafe-monte-redondo\/\" class=\"more-link\">Leer m\u00e1s<span class=\"screen-reader-text\"> \u00abCaf\u00e9 Monte Redondo\u00bb<\/span><\/a><\/p>\n","protected":false},"author":1,"featured_media":0,"parent":0,"menu_order":0,"comment_status":"closed","ping_status":"closed","template":"","meta":{"footnotes":""},"jetpack_sharing_enabled":true,"featured_media_urls":[],"_links":{"self":[{"href":"https:\/\/redenjambre.com\/index.php\/wp-json\/wp\/v2\/pages\/453"}],"collection":[{"href":"https:\/\/redenjambre.com\/index.php\/wp-json\/wp\/v2\/pages"}],"about":[{"href":"https:\/\/redenjambre.com\/index.php\/wp-json\/wp\/v2\/types\/page"}],"author":[{"embeddable":true,"href":"https:\/\/redenjambre.com\/index.php\/wp-json\/wp\/v2\/users\/1"}],"replies":[{"embeddable":true,"href":"https:\/\/redenjambre.com\/index.php\/wp-json\/wp\/v2\/comments?post=453"}],"version-history":[{"count":3,"href":"https:\/\/redenjambre.com\/index.php\/wp-json\/wp\/v2\/pages\/453\/revisions"}],"predecessor-version":[{"id":515,"href":"https:\/\/redenjambre.com\/index.php\/wp-json\/wp\/v2\/pages\/453\/revisions\/515"}],"wp:attachment":[{"href":"https:\/\/redenjambre.com\/index.php\/wp-json\/wp\/v2\/media?parent=453"}],"curies":[{"name":"wp","href":"https:\/\/api.w.org\/{rel}","templated":true}]}}