{"id":444,"date":"2024-04-29T17:55:21","date_gmt":"2024-04-29T15:55:21","guid":{"rendered":"https:\/\/redenjambre.com\/?page_id=444"},"modified":"2024-05-17T18:56:09","modified_gmt":"2024-05-17T16:56:09","slug":"tienda-la-amistad","status":"publish","type":"page","link":"https:\/\/redenjambre.com\/index.php\/tienda-la-amistad\/","title":{"rendered":"Tienda La Amistad"},"content":{"rendered":"\n<figure class=\"wp-block-image aligncenter size-full\"><img fetchpriority=\"high\" decoding=\"async\" width=\"484\" height=\"246\" src=\"https:\/\/redenjambre.com\/wp-content\/uploads\/2024\/04\/image-10.png\" alt=\"\" class=\"wp-image-445\" srcset=\"https:\/\/redenjambre.com\/wp-content\/uploads\/2024\/04\/image-10.png 484w, https:\/\/redenjambre.com\/wp-content\/uploads\/2024\/04\/image-10-300x152.png 300w\" sizes=\"(max-width: 484px) 100vw, 484px\" \/><\/figure>\n\n\n\n<p><strong>Asociaci\u00f3n  La primavera<\/strong><\/p>\n\n\n\n<p>Vereda:<strong> <\/strong>El Guabo<\/p>\n\n\n\n<p>N\u00famero de participantes:<strong> <\/strong>16 familias<\/p>\n\n\n\n<p><strong>Descripci\u00f3n del proceso del emprendimiento<\/strong><\/p>\n\n\n\n<p>La Tienda la Amistad surge como una iniciativa comunitaria para suplir la falta de diversos productos en la zona debido a su lejan\u00eda. Todas las familias realizan sus compras de v\u00edveres y abarrotes en esta tienda, donde los productos m\u00e1s populares son el arroz, az\u00facar, aceite y harina. Esta pr\u00e1ctica ha ayudado a mejorar las econom\u00edas familiares al reducir los costos de los productos, al mismo tiempo que ha contribuido al financiamiento del emprendimiento y la asociaci\u00f3n.<\/p>\n\n\n\n<p><strong>Contacto: <\/strong>311 410 1967<\/p>\n\n\n\n<figure class=\"wp-block-image aligncenter size-large\"><img decoding=\"async\" width=\"1024\" height=\"576\" src=\"https:\/\/redenjambre.com\/wp-content\/uploads\/2024\/05\/WhatsApp-Image-2024-04-24-at-4.31.43-PM-2-1024x576.jpeg\" alt=\"\" class=\"wp-image-557\" srcset=\"https:\/\/redenjambre.com\/wp-content\/uploads\/2024\/05\/WhatsApp-Image-2024-04-24-at-4.31.43-PM-2-1024x576.jpeg 1024w, https:\/\/redenjambre.com\/wp-content\/uploads\/2024\/05\/WhatsApp-Image-2024-04-24-at-4.31.43-PM-2-300x169.jpeg 300w, https:\/\/redenjambre.com\/wp-content\/uploads\/2024\/05\/WhatsApp-Image-2024-04-24-at-4.31.43-PM-2.jpeg 1600w\" sizes=\"(max-width: 1024px) 100vw, 1024px\" \/><\/figure>\n\n\n\n<figure class=\"wp-block-gallery has-nested-images columns-default is-cropped wp-block-gallery-1 is-layout-flex wp-block-gallery-is-layout-flex\">\n<figure class=\"wp-block-image size-large\"><img decoding=\"async\" width=\"1024\" height=\"573\" data-id=\"555\" src=\"https:\/\/redenjambre.com\/wp-content\/uploads\/2024\/05\/WhatsApp-Image-2024-04-24-at-4.31.40-PM-1-1-1024x573.jpeg\" alt=\"\" class=\"wp-image-555\" srcset=\"https:\/\/redenjambre.com\/wp-content\/uploads\/2024\/05\/WhatsApp-Image-2024-04-24-at-4.31.40-PM-1-1-1024x573.jpeg 1024w, https:\/\/redenjambre.com\/wp-content\/uploads\/2024\/05\/WhatsApp-Image-2024-04-24-at-4.31.40-PM-1-1-300x168.jpeg 300w, https:\/\/redenjambre.com\/wp-content\/uploads\/2024\/05\/WhatsApp-Image-2024-04-24-at-4.31.40-PM-1-1.jpeg 1504w\" sizes=\"(max-width: 1024px) 100vw, 1024px\" \/><\/figure>\n\n\n\n<figure class=\"wp-block-image size-large\"><img loading=\"lazy\" decoding=\"async\" width=\"1024\" height=\"627\" data-id=\"556\" src=\"https:\/\/redenjambre.com\/wp-content\/uploads\/2024\/05\/WhatsApp-Image-2024-04-24-at-4.31.41-PM-1-1-1024x627.jpeg\" alt=\"\" class=\"wp-image-556\" srcset=\"https:\/\/redenjambre.com\/wp-content\/uploads\/2024\/05\/WhatsApp-Image-2024-04-24-at-4.31.41-PM-1-1-1024x627.jpeg 1024w, https:\/\/redenjambre.com\/wp-content\/uploads\/2024\/05\/WhatsApp-Image-2024-04-24-at-4.31.41-PM-1-1-300x184.jpeg 300w, https:\/\/redenjambre.com\/wp-content\/uploads\/2024\/05\/WhatsApp-Image-2024-04-24-at-4.31.41-PM-1-1.jpeg 1363w\" sizes=\"(max-width: 1024px) 100vw, 1024px\" \/><\/figure>\n<\/figure>\n\n\n\n<p><\/p>\n\n\n\n<figure class=\"wp-block-embed is-type-video is-provider-youtube wp-block-embed-youtube wp-embed-aspect-16-9 wp-has-aspect-ratio\"><div class=\"wp-block-embed__wrapper\">\n<iframe title=\"TIENDA LA AMISTAD, Asociaci\u00f3n La Primavera. Municipio de San Lorenzo\" width=\"950\" height=\"534\" src=\"https:\/\/www.youtube.com\/embed\/NttSewJYaug?feature=oembed\" frameborder=\"0\" allow=\"accelerometer; autoplay; clipboard-write; encrypted-media; gyroscope; picture-in-picture; web-share\" referrerpolicy=\"strict-origin-when-cross-origin\" allowfullscreen><\/iframe>\n<\/div><\/figure>\n","protected":false},"excerpt":{"rendered":"<p>Asociaci\u00f3n La primavera Vereda: El Guabo N\u00famero de participantes: 16 familias Descripci\u00f3n del proceso del emprendimiento La Tienda la Amistad surge como una iniciativa comunitaria para suplir la falta de diversos productos en la zona debido a su lejan\u00eda. Todas las familias realizan sus compras de v\u00edveres y abarrotes en esta tienda, donde los productos &hellip; <\/p>\n<p class=\"link-more\"><a href=\"https:\/\/redenjambre.com\/index.php\/tienda-la-amistad\/\" class=\"more-link\">Leer m\u00e1s<span class=\"screen-reader-text\"> \u00abTienda La Amistad\u00bb<\/span><\/a><\/p>\n","protected":false},"author":1,"featured_media":0,"parent":0,"menu_order":0,"comment_status":"closed","ping_status":"closed","template":"","meta":{"footnotes":""},"jetpack_sharing_enabled":true,"featured_media_urls":[],"_links":{"self":[{"href":"https:\/\/redenjambre.com\/index.php\/wp-json\/wp\/v2\/pages\/444"}],"collection":[{"href":"https:\/\/redenjambre.com\/index.php\/wp-json\/wp\/v2\/pages"}],"about":[{"href":"https:\/\/redenjambre.com\/index.php\/wp-json\/wp\/v2\/types\/page"}],"author":[{"embeddable":true,"href":"https:\/\/redenjambre.com\/index.php\/wp-json\/wp\/v2\/users\/1"}],"replies":[{"embeddable":true,"href":"https:\/\/redenjambre.com\/index.php\/wp-json\/wp\/v2\/comments?post=444"}],"version-history":[{"count":7,"href":"https:\/\/redenjambre.com\/index.php\/wp-json\/wp\/v2\/pages\/444\/revisions"}],"predecessor-version":[{"id":559,"href":"https:\/\/redenjambre.com\/index.php\/wp-json\/wp\/v2\/pages\/444\/revisions\/559"}],"wp:attachment":[{"href":"https:\/\/redenjambre.com\/index.php\/wp-json\/wp\/v2\/media?parent=444"}],"curies":[{"name":"wp","href":"https:\/\/api.w.org\/{rel}","templated":true}]}}