{"id":441,"date":"2024-04-29T17:53:46","date_gmt":"2024-04-29T15:53:46","guid":{"rendered":"https:\/\/redenjambre.com\/?page_id=441"},"modified":"2024-05-04T22:35:36","modified_gmt":"2024-05-04T20:35:36","slug":"san-pollo","status":"publish","type":"page","link":"https:\/\/redenjambre.com\/index.php\/san-pollo\/","title":{"rendered":"San Pollo"},"content":{"rendered":"\n<figure class=\"wp-block-image aligncenter size-full\"><img fetchpriority=\"high\" decoding=\"async\" width=\"327\" height=\"300\" src=\"https:\/\/redenjambre.com\/wp-content\/uploads\/2024\/04\/image-9.png\" alt=\"\" class=\"wp-image-442\" srcset=\"https:\/\/redenjambre.com\/wp-content\/uploads\/2024\/04\/image-9.png 327w, https:\/\/redenjambre.com\/wp-content\/uploads\/2024\/04\/image-9-300x275.png 300w\" sizes=\"(max-width: 327px) 100vw, 327px\" \/><\/figure>\n\n\n\n<p><strong>Asociaci\u00f3n Forjando un Nuevo Futuro<\/strong><\/p>\n\n\n\n<p>Vereda:<strong> <\/strong>San Antonio<\/p>\n\n\n\n<p>N\u00famero de participantes:<strong> <\/strong>14 familias<\/p>\n\n\n\n<p><strong>Descripci\u00f3n del proceso del emprendimiento<\/strong><\/p>\n\n\n\n<p>Este emprendimiento de venta de pollo de engorde y pollo crudo surge de a partir del an\u00e1lisis de la carencia de este producto en la zona e impulsar las oportunidades econ\u00f3micas de los asociados, por la cual la asociaci\u00f3n decidi\u00f3 emprender con esta actividad. De igual manera, una de las motivaciones nace para ayudar y mejorar la calidad de vida y la situaci\u00f3n econ\u00f3mica de las mujeres que hacen parte de la asociaci\u00f3n.<\/p>\n\n\n\n<p><strong>Contacto: <\/strong>320 645 40 09<\/p>\n\n\n\n<figure class=\"wp-block-embed is-type-video is-provider-youtube wp-block-embed-youtube wp-embed-aspect-16-9 wp-has-aspect-ratio\"><div class=\"wp-block-embed__wrapper\">\n<iframe title=\"SAN POLLO, Asociaci\u00f3n Forjando Nuevo Futuro. Municipio de San Lorenzo\" width=\"950\" height=\"534\" src=\"https:\/\/www.youtube.com\/embed\/CX3MtdkCevw?feature=oembed\" frameborder=\"0\" allow=\"accelerometer; autoplay; clipboard-write; encrypted-media; gyroscope; picture-in-picture; web-share\" referrerpolicy=\"strict-origin-when-cross-origin\" allowfullscreen><\/iframe>\n<\/div><\/figure>\n","protected":false},"excerpt":{"rendered":"<p>Asociaci\u00f3n Forjando un Nuevo Futuro Vereda: San Antonio N\u00famero de participantes: 14 familias Descripci\u00f3n del proceso del emprendimiento Este emprendimiento de venta de pollo de engorde y pollo crudo surge de a partir del an\u00e1lisis de la carencia de este producto en la zona e impulsar las oportunidades econ\u00f3micas de los asociados, por la cual &hellip; <\/p>\n<p class=\"link-more\"><a href=\"https:\/\/redenjambre.com\/index.php\/san-pollo\/\" class=\"more-link\">Leer m\u00e1s<span class=\"screen-reader-text\"> \u00abSan Pollo\u00bb<\/span><\/a><\/p>\n","protected":false},"author":1,"featured_media":0,"parent":0,"menu_order":0,"comment_status":"closed","ping_status":"closed","template":"","meta":{"footnotes":""},"jetpack_sharing_enabled":true,"featured_media_urls":[],"_links":{"self":[{"href":"https:\/\/redenjambre.com\/index.php\/wp-json\/wp\/v2\/pages\/441"}],"collection":[{"href":"https:\/\/redenjambre.com\/index.php\/wp-json\/wp\/v2\/pages"}],"about":[{"href":"https:\/\/redenjambre.com\/index.php\/wp-json\/wp\/v2\/types\/page"}],"author":[{"embeddable":true,"href":"https:\/\/redenjambre.com\/index.php\/wp-json\/wp\/v2\/users\/1"}],"replies":[{"embeddable":true,"href":"https:\/\/redenjambre.com\/index.php\/wp-json\/wp\/v2\/comments?post=441"}],"version-history":[{"count":3,"href":"https:\/\/redenjambre.com\/index.php\/wp-json\/wp\/v2\/pages\/441\/revisions"}],"predecessor-version":[{"id":524,"href":"https:\/\/redenjambre.com\/index.php\/wp-json\/wp\/v2\/pages\/441\/revisions\/524"}],"wp:attachment":[{"href":"https:\/\/redenjambre.com\/index.php\/wp-json\/wp\/v2\/media?parent=441"}],"curies":[{"name":"wp","href":"https:\/\/api.w.org\/{rel}","templated":true}]}}