{"id":435,"date":"2024-04-29T17:50:30","date_gmt":"2024-04-29T15:50:30","guid":{"rendered":"https:\/\/redenjambre.com\/?page_id=435"},"modified":"2024-05-14T22:25:29","modified_gmt":"2024-05-14T20:25:29","slug":"granisol","status":"publish","type":"page","link":"https:\/\/redenjambre.com\/index.php\/granisol\/","title":{"rendered":"Granisol"},"content":{"rendered":"\n<figure class=\"wp-block-image aligncenter size-full\"><img fetchpriority=\"high\" decoding=\"async\" width=\"653\" height=\"234\" src=\"https:\/\/redenjambre.com\/wp-content\/uploads\/2024\/05\/image.png\" alt=\"\" class=\"wp-image-528\" srcset=\"https:\/\/redenjambre.com\/wp-content\/uploads\/2024\/05\/image.png 653w, https:\/\/redenjambre.com\/wp-content\/uploads\/2024\/05\/image-300x108.png 300w\" sizes=\"(max-width: 653px) 100vw, 653px\" \/><\/figure>\n\n\n\n<p><strong>Asociaci\u00f3n Visi\u00f3n Campesina<\/strong><\/p>\n\n\n\n<p>Vereda: San Vicente<\/p>\n\n\n\n<p>N\u00famero de participantes: 12 familias<\/p>\n\n\n\n<p><strong>Descripci\u00f3n del proceso del emprendimiento<\/strong><\/p>\n\n\n\n<p>La asociaci\u00f3n Visi\u00f3n Campesina surge como respuesta a la escasez de recursos en su territorio, centr\u00e1ndose principalmente en la agroecolog\u00eda. De esta forma, ha dado origen a la iniciativa de Granisol, aprovechando los remanentes de cosechas de sus miembros. Esta oportunidad permite la producci\u00f3n de alimentos para especies menores, con alta calidad proteica y completamente org\u00e1nicos. Este enfoque no solo beneficia la econom\u00eda familiar, sino que tambi\u00e9n aporta al desarrollo econ\u00f3mico local.<\/p>\n\n\n\n<p><strong>Contacto: <\/strong>&nbsp;310 455 53 65<\/p>\n\n\n\n<figure class=\"wp-block-embed is-type-video is-provider-youtube wp-block-embed-youtube wp-embed-aspect-16-9 wp-has-aspect-ratio\"><div class=\"wp-block-embed__wrapper\">\n<iframe title=\"GRANISOL, Asociaci\u00f3n Visi\u00f3n Campesina. Municipio de San Lorenzo.\" width=\"950\" height=\"534\" src=\"https:\/\/www.youtube.com\/embed\/dc9Wt5UR3ig?feature=oembed\" frameborder=\"0\" allow=\"accelerometer; autoplay; clipboard-write; encrypted-media; gyroscope; picture-in-picture; web-share\" referrerpolicy=\"strict-origin-when-cross-origin\" allowfullscreen><\/iframe>\n<\/div><\/figure>\n","protected":false},"excerpt":{"rendered":"<p>Asociaci\u00f3n Visi\u00f3n Campesina Vereda: San Vicente N\u00famero de participantes: 12 familias Descripci\u00f3n del proceso del emprendimiento La asociaci\u00f3n Visi\u00f3n Campesina surge como respuesta a la escasez de recursos en su territorio, centr\u00e1ndose principalmente en la agroecolog\u00eda. De esta forma, ha dado origen a la iniciativa de Granisol, aprovechando los remanentes de cosechas de sus miembros. &hellip; <\/p>\n<p class=\"link-more\"><a href=\"https:\/\/redenjambre.com\/index.php\/granisol\/\" class=\"more-link\">Leer m\u00e1s<span class=\"screen-reader-text\"> \u00abGranisol\u00bb<\/span><\/a><\/p>\n","protected":false},"author":1,"featured_media":0,"parent":0,"menu_order":0,"comment_status":"closed","ping_status":"closed","template":"","meta":{"footnotes":""},"jetpack_sharing_enabled":true,"featured_media_urls":[],"_links":{"self":[{"href":"https:\/\/redenjambre.com\/index.php\/wp-json\/wp\/v2\/pages\/435"}],"collection":[{"href":"https:\/\/redenjambre.com\/index.php\/wp-json\/wp\/v2\/pages"}],"about":[{"href":"https:\/\/redenjambre.com\/index.php\/wp-json\/wp\/v2\/types\/page"}],"author":[{"embeddable":true,"href":"https:\/\/redenjambre.com\/index.php\/wp-json\/wp\/v2\/users\/1"}],"replies":[{"embeddable":true,"href":"https:\/\/redenjambre.com\/index.php\/wp-json\/wp\/v2\/comments?post=435"}],"version-history":[{"count":6,"href":"https:\/\/redenjambre.com\/index.php\/wp-json\/wp\/v2\/pages\/435\/revisions"}],"predecessor-version":[{"id":531,"href":"https:\/\/redenjambre.com\/index.php\/wp-json\/wp\/v2\/pages\/435\/revisions\/531"}],"wp:attachment":[{"href":"https:\/\/redenjambre.com\/index.php\/wp-json\/wp\/v2\/media?parent=435"}],"curies":[{"name":"wp","href":"https:\/\/api.w.org\/{rel}","templated":true}]}}