{"id":1153,"date":"2025-08-18T19:45:57","date_gmt":"2025-08-18T17:45:57","guid":{"rendered":"https:\/\/redenjambre.com\/?page_id=1153"},"modified":"2025-08-18T22:13:26","modified_gmt":"2025-08-18T20:13:26","slug":"la-araucaria","status":"publish","type":"page","link":"https:\/\/redenjambre.com\/index.php\/la-araucaria\/","title":{"rendered":"La Araucaria"},"content":{"rendered":"\t\t<div data-elementor-type=\"wp-page\" data-elementor-id=\"1153\" class=\"elementor elementor-1153\">\n\t\t\t\t\t\t<section class=\"elementor-section elementor-top-section elementor-element elementor-element-f619c9a elementor-section-boxed elementor-section-height-default elementor-section-height-default\" data-id=\"f619c9a\" data-element_type=\"section\">\n\t\t\t\t\t\t<div class=\"elementor-container elementor-column-gap-default\">\n\t\t\t\t\t<div class=\"elementor-column elementor-col-100 elementor-top-column elementor-element elementor-element-9e616c5\" data-id=\"9e616c5\" data-element_type=\"column\">\n\t\t\t<div class=\"elementor-widget-wrap elementor-element-populated\">\n\t\t\t\t\t\t<div class=\"elementor-element elementor-element-77158a6 elementor-widget elementor-widget-html\" data-id=\"77158a6\" data-element_type=\"widget\" data-widget_type=\"html.default\">\n\t\t\t\t<div class=\"elementor-widget-container\">\n\t\t\t<style>\r\n  .titulo-seccion {\r\n    color: #000; \/* t\u00edtulos en negro *\/\r\n    border-left: 4px solid #2e5d34;\r\n    padding-left: 8px;\r\n    margin-bottom: 10px;\r\n  }\r\n  .foto-actividad {\r\n    max-width: 100%;\r\n    height: auto;\r\n    border-radius: 8px;\r\n    border: 3px solid #2e5d34;\r\n  }\r\n  .texto-negro {\r\n    color: #000; \/* texto en negro *\/\r\n  }\r\n\r\n  \/* Galer\u00eda 2x2 extendida *\/\r\n  .galeria-2x2 {\r\n    display: grid;\r\n    grid-template-columns: repeat(2, 1fr);\r\n    gap: 12px;\r\n    margin-top: 20px; \/* separa la galer\u00eda del texto *\/\r\n  }\r\n  .galeria-2x2 img {\r\n    width: 100%;\r\n    height: 180px;           \/* altura uniforme *\/\r\n    object-fit: cover;       \/* recorte adecuado *\/\r\n    border-radius: 8px;\r\n    border: 3px solid #2e5d34;\r\n    display: block;\r\n  }\r\n\r\n  \/* Responsive *\/\r\n  @media (max-width: 600px) {\r\n    .galeria-2x2 {\r\n      grid-template-columns: 1fr 1fr;\r\n      gap: 10px;\r\n      margin-top: 15px;\r\n    }\r\n    .galeria-2x2 img {\r\n      height: 150px;\r\n    }\r\n  }\r\n<\/style>\r\n\r\n<!-- \u00bfQui\u00e9nes Somos? -->\r\n<div style=\"display: flex; flex-wrap: wrap; gap: 20px; align-items: flex-start; margin-bottom: 30px;\">\r\n  <div class=\"texto-negro\" style=\"flex: 1; min-width: 280px; text-align: justify;\">\r\n    <h3 class=\"titulo-seccion\">\u00bfQui\u00e9nes Somos?<\/h3>\r\n    La Araucaria es una finca agroecol\u00f3gica que, aunque pertenece al municipio de San Lorenzo, se encuentra a una hora en autom\u00f3vil de su cabecera municipal y a tan solo 30 minutos de La Uni\u00f3n. El n\u00facleo urbano m\u00e1s cercano es El Carmen, situado a 10 minutos.\r\n    Sus propietarios son Do\u00f1a Raquel Burbano y su esposo, quienes cuentan con el valioso apoyo de su hijo, Oweimar Viveros, pieza clave en la gesti\u00f3n y las actividades diarias de la finca.\r\n    Algo que distingue completamente a La Araucaria es, sin duda, la producci\u00f3n de caf\u00e9, pues en ella se puede observar el proceso completo, desde la cosecha hasta la tosti\u00f3n y molienda.\r\n  <\/div>\r\n\r\n  <div style=\"flex: 1; min-width: 280px; text-align: center;\">\r\n    <img decoding=\"async\" class=\"foto-actividad\" src=\"https:\/\/redenjambre.com\/wp-content\/uploads\/2025\/08\/1755547594713-scaled.jpg\" alt=\"Foto de la finca La Araucaria\" \/>\r\n  <\/div>\r\n<\/div>\r\n\r\n<!-- Actividades -->\r\n<div style=\"display: flex; flex-wrap: wrap; gap: 20px; align-items: flex-start;\">\r\n\r\n  <div class=\"texto-negro\" style=\"flex: 1; min-width: 280px; text-align: justify;\">\r\n    <h3 class=\"titulo-seccion\"><strong>Actividades<\/strong><\/h3>\r\n\r\n    <h3 style=\"font-size: 1.1em; color: #000;\">Tour sobre el caf\u00e9<\/h3>\r\n    Conoce el proceso \u00edntegro de la producci\u00f3n del caf\u00e9, desde la cosecha en los cafetales hasta la tosti\u00f3n y molienda, pasando por todas las fases intermedias.\r\n\r\n    <h3 style=\"font-size: 1.1em; color: #000;\">Senderismo<\/h3>\r\n    Recorre los terrenos de la finca rodeados de naturaleza, fauna y paisajes incre\u00edbles.\r\n\r\n    <h3 style=\"font-size: 1.1em; color: #000;\">Talleres de formaci\u00f3n<\/h3>\r\n    Disfruta y aprende con talleres profesionales de formaci\u00f3n sobre agroecolog\u00eda.\r\n  <\/div>\r\n\r\n  <div style=\"flex: 1; min-width: 280px;\">\r\n    <div class=\"galeria-2x2\">\r\n      <!-- Cuatro im\u00e1genes principales de la galer\u00eda -->\r\n      <img decoding=\"async\" src=\"https:\/\/redenjambre.com\/wp-content\/uploads\/2025\/08\/1755290788746-scaled.jpg\" alt=\"La Araucaria - Actividad 1\" \/>\r\n      <img decoding=\"async\" src=\"https:\/\/redenjambre.com\/wp-content\/uploads\/2025\/08\/1755290788740-scaled.jpg\" alt=\"La Araucaria - Actividad 2\" \/>\r\n      <img decoding=\"async\" src=\"https:\/\/redenjambre.com\/wp-content\/uploads\/2025\/08\/1755290788751-scaled.jpg\" alt=\"La Araucaria - Actividad 3\" \/>\r\n      <img decoding=\"async\" src=\"https:\/\/redenjambre.com\/wp-content\/uploads\/2025\/08\/cafe.webp\" alt=\"La Araucaria - Actividad 4\" \/>\r\n      <!-- Dos im\u00e1genes nuevas debajo -->\r\n      <img decoding=\"async\" src=\"https:\/\/redenjambre.com\/wp-content\/uploads\/2025\/08\/secadora.webp\" alt=\"La Araucaria - Secadora\" \/>\r\n      <img decoding=\"async\" src=\"https:\/\/redenjambre.com\/wp-content\/uploads\/2025\/08\/maquina.webp\" alt=\"La Araucaria - M\u00e1quina\" \/>\r\n    <\/div>\r\n  <\/div>\r\n<\/div>\r\n\r\n<!-- \u00bfQuieres saber m\u00e1s? -->\r\n<div class=\"texto-negro\" style=\"margin-top: 30px; text-align: justify;\">\r\n  <h3 class=\"titulo-seccion\">\u00bfQuieres saber m\u00e1s?<\/h3>\r\n  Para m\u00e1s informaci\u00f3n sobre nuestras actividades, reservas o visitas, no dudes en ponerte en contacto con nosotros.\r\n  Estaremos encantados de atenderte y ayudarte a planificar tu experiencia en la finca.\r\n<\/div>\t\t<\/div>\n\t\t\t\t<\/div>\n\t\t\t\t<div class=\"elementor-element elementor-element-a6fa0c5 elementor-widget elementor-widget-html\" data-id=\"a6fa0c5\" data-element_type=\"widget\" data-widget_type=\"html.default\">\n\t\t\t\t<div class=\"elementor-widget-container\">\n\t\t\t<!-- Cargar Font Awesome si no est\u00e1 ya activo en tu tema -->\r\n<link rel=\"stylesheet\" href=\"https:\/\/cdnjs.cloudflare.com\/ajax\/libs\/font-awesome\/6.4.2\/css\/all.min.css\">\r\n\r\n<div style=\"background-color: #f9f9f9; padding: 20px; border-radius: 8px;\">\r\n  <h3 style=\"color: #2e5d34; margin-bottom: 15px;\">Contacto<\/h3>\r\n  <p style=\"margin-bottom: 15px; text-align: justify;\">\r\n\r\n  <\/p>\r\n\r\n  <p style=\"margin-bottom: 10px;\">\r\n  <i class=\"fas fa-phone\" style=\"color: #2e5d34; margin-right: 8px; transform: none !important;\"><\/i>\r\n  <strong>Tel\u00e9fono:<\/strong> +57 321 858 42 43 (Oweimar Viveros)\r\n<\/p>\r\n\r\n  <p style=\"margin-bottom: 10px;\">\r\n    <i class=\"fas fa-envelope\" style=\"color: #2e5d34; margin-right: 8px;\"><\/i>\r\n    <strong>Email:<\/strong> contacto@redenjambre.com\r\n  <\/p>\r\n\r\n  <p style=\"margin-bottom: 10px;\">\r\n    <i class=\"fas fa-map-marker-alt\" style=\"color: #2e5d34; margin-right: 8px;\"><\/i>\r\n    <strong>Ubicaci\u00f3n:<\/strong> Vereda Valparaiso, San Lorenzo, Nari\u00f1o\r\n  <\/p>\r\n\r\n  <p style=\"margin-top: 15px;\">\r\n   \t\t<\/div>\n\t\t\t\t<\/div>\n\t\t\t\t\t<\/div>\n\t\t<\/div>\n\t\t\t\t\t<\/div>\n\t\t<\/section>\n\t\t\t\t<\/div>\n\t\t","protected":false},"excerpt":{"rendered":"<p>\u00bfQui\u00e9nes Somos? La Araucaria es una finca agroecol\u00f3gica que, aunque pertenece al municipio de San Lorenzo, se encuentra a una hora en autom\u00f3vil de su cabecera municipal y a tan solo 30 minutos de La Uni\u00f3n. El n\u00facleo urbano m\u00e1s cercano es El Carmen, situado a 10 minutos. Sus propietarios son Do\u00f1a Raquel Burbano y &hellip; <\/p>\n<p class=\"link-more\"><a href=\"https:\/\/redenjambre.com\/index.php\/la-araucaria\/\" class=\"more-link\">Leer m\u00e1s<span class=\"screen-reader-text\"> \u00abLa Araucaria\u00bb<\/span><\/a><\/p>\n","protected":false},"author":1,"featured_media":0,"parent":0,"menu_order":0,"comment_status":"closed","ping_status":"closed","template":"","meta":{"footnotes":""},"jetpack_sharing_enabled":true,"featured_media_urls":[],"_links":{"self":[{"href":"https:\/\/redenjambre.com\/index.php\/wp-json\/wp\/v2\/pages\/1153"}],"collection":[{"href":"https:\/\/redenjambre.com\/index.php\/wp-json\/wp\/v2\/pages"}],"about":[{"href":"https:\/\/redenjambre.com\/index.php\/wp-json\/wp\/v2\/types\/page"}],"author":[{"embeddable":true,"href":"https:\/\/redenjambre.com\/index.php\/wp-json\/wp\/v2\/users\/1"}],"replies":[{"embeddable":true,"href":"https:\/\/redenjambre.com\/index.php\/wp-json\/wp\/v2\/comments?post=1153"}],"version-history":[{"count":33,"href":"https:\/\/redenjambre.com\/index.php\/wp-json\/wp\/v2\/pages\/1153\/revisions"}],"predecessor-version":[{"id":1286,"href":"https:\/\/redenjambre.com\/index.php\/wp-json\/wp\/v2\/pages\/1153\/revisions\/1286"}],"wp:attachment":[{"href":"https:\/\/redenjambre.com\/index.php\/wp-json\/wp\/v2\/media?parent=1153"}],"curies":[{"name":"wp","href":"https:\/\/api.w.org\/{rel}","templated":true}]}}