{"id":1142,"date":"2025-08-18T19:38:56","date_gmt":"2025-08-18T17:38:56","guid":{"rendered":"https:\/\/redenjambre.com\/?page_id=1142"},"modified":"2025-08-18T22:25:25","modified_gmt":"2025-08-18T20:25:25","slug":"campo-bello","status":"publish","type":"page","link":"https:\/\/redenjambre.com\/index.php\/campo-bello\/","title":{"rendered":"Campo Bello"},"content":{"rendered":"\t\t<div data-elementor-type=\"wp-page\" data-elementor-id=\"1142\" class=\"elementor elementor-1142\">\n\t\t\t\t\t\t<section class=\"elementor-section elementor-top-section elementor-element elementor-element-c94a1e7 elementor-section-boxed elementor-section-height-default elementor-section-height-default\" data-id=\"c94a1e7\" data-element_type=\"section\">\n\t\t\t\t\t\t<div class=\"elementor-container elementor-column-gap-default\">\n\t\t\t\t\t<div class=\"elementor-column elementor-col-100 elementor-top-column elementor-element elementor-element-02d05b9\" data-id=\"02d05b9\" data-element_type=\"column\">\n\t\t\t<div class=\"elementor-widget-wrap elementor-element-populated\">\n\t\t\t\t\t\t<div class=\"elementor-element elementor-element-d8f38b0 elementor-widget elementor-widget-html\" data-id=\"d8f38b0\" data-element_type=\"widget\" data-widget_type=\"html.default\">\n\t\t\t\t<div class=\"elementor-widget-container\">\n\t\t\t<style>\r\n  .titulo-seccion {\r\n    color: #000; \/* t\u00edtulos en negro *\/\r\n    border-left: 4px solid #2e5d34;\r\n    padding-left: 8px;\r\n    margin-bottom: 10px;\r\n  }\r\n  .foto-actividad {\r\n    max-width: 100%;\r\n    height: auto;\r\n    border-radius: 8px;\r\n    border: 3px solid #2e5d34;\r\n  }\r\n  .texto-negro {\r\n    color: #000; \/* texto en negro *\/\r\n  }\r\n\r\n  \/* Galer\u00eda 2x2 *\/\r\n  .galeria-2x2 {\r\n    display: grid;\r\n    grid-template-columns: repeat(2, 1fr);\r\n    gap: 12px;\r\n  }\r\n  .galeria-2x2 img {\r\n    width: 100%;\r\n    height: 180px;           \/* altura uniforme *\/\r\n    object-fit: cover;       \/* recorte agradable *\/\r\n    border-radius: 8px;\r\n    border: 3px solid #2e5d34;\r\n    display: block;\r\n  }\r\n\r\n  \/* Responsive *\/\r\n  @media (max-width: 600px) {\r\n    .galeria-2x2 {\r\n      grid-template-columns: 1fr 1fr;\r\n      gap: 10px;\r\n    }\r\n    .galeria-2x2 img {\r\n      height: 150px;\r\n    }\r\n  }\r\n<\/style>\r\n\r\n<!-- \u00bfQui\u00e9nes Somos? -->\r\n<div style=\"display: flex; flex-wrap: wrap; gap: 20px; align-items: flex-start; margin-bottom: 30px;\">\r\n\r\n  <!-- Texto -->\r\n  <div class=\"texto-negro\" style=\"flex: 1; min-width: 280px; text-align: justify;\">\r\n    <h3 class=\"titulo-seccion\">\u00bfQui\u00e9nes Somos?<\/h3>\r\n    Campo Bello es una finca agroecol\u00f3gica ubicada en la vereda Sauce Bajo, en el municipio de La Uni\u00f3n, a unos 30 minutos en autom\u00f3vil de la cabecera municipal. \r\n    Su propietario, Don Gabriel Chicaiza, la hered\u00f3 de sus abuelos. Se trata de una construcci\u00f3n tradicional en tapia, cargada de historia y recuerdos familiares. \r\n    Con el deseo de preservar su esencia y legado, Don Gabriel decidi\u00f3 conservar la estructura original y remodelarla respetando el material con el que fue edificada.\r\n  <\/div>\r\n\r\n  <!-- Foto principal -->\r\n  <div style=\"flex: 1; min-width: 280px; text-align: center;\">\r\n    <img decoding=\"async\" class=\"foto-actividad\" src=\"https:\/\/redenjambre.com\/wp-content\/uploads\/2025\/08\/portada-campo-bello.jpg\" alt=\"Foto de la finca Campo Bello\" \/>\r\n  <\/div>\r\n<\/div>\r\n\r\n<!-- Actividades -->\r\n<div style=\"display: flex; flex-wrap: wrap; gap: 20px; align-items: flex-start;\">\r\n\r\n  <!-- Texto -->\r\n  <div class=\"texto-negro\" style=\"flex: 1; min-width: 280px; text-align: justify;\">\r\n    <h3 class=\"titulo-seccion\"><strong>Actividades<\/strong><\/h3>\r\n\r\n    <h3 style=\"font-size: 1.1em; color: #000;\">Senderismo<\/h3>\r\n    Disfruta de varios recorridos distintos a trav\u00e9s de la naturaleza y lugares \u00fanicos.\r\n\r\n    <h3 style=\"font-size: 1.1em; color: #000;\">Tour sobre el caf\u00e9<\/h3>\r\n    Conoce el proceso del caf\u00e9 desde los cafetales hasta el secado.\r\n\r\n    <h3 style=\"font-size: 1.1em; color: #000;\">Talleres de formaci\u00f3n<\/h3>\r\n    Aprende a trav\u00e9s de talleres de formaci\u00f3n sobre diversas tem\u00e1ticas: abono y lumbricultura, semillas, plantas medicinales...\r\n\r\n    <h3 style=\"font-size: 1.1em; color: #000;\">\u00c1reas para descanso y desconexi\u00f3n<\/h3>\r\n    Descansa en algunas tranquilas zonas de la finca habilitadas para ello, como por ejemplo el estanque de peces o la terraza principal.\r\n  <\/div>\r\n\r\n  <!-- Galer\u00eda -->\r\n  <div style=\"flex: 1; min-width: 280px;\">\r\n    <div class=\"galeria-2x2\">\r\n      <!-- Fila 1 -->\r\n      <img decoding=\"async\" src=\"https:\/\/redenjambre.com\/wp-content\/uploads\/2025\/08\/1755287182793-scaled.jpg\" alt=\"Campo Bello - Actividad 1\" \/>\r\n      <img decoding=\"async\" src=\"https:\/\/redenjambre.com\/wp-content\/uploads\/2025\/08\/1755287182773.jpg\" alt=\"Campo Bello - Actividad 2\" \/>\r\n      <!-- Fila 2 -->\r\n      <img decoding=\"async\" src=\"https:\/\/redenjambre.com\/wp-content\/uploads\/2025\/08\/1755287182785.jpg\" alt=\"Campo Bello - Actividad 3\" \/>\r\n      <img decoding=\"async\" src=\"https:\/\/redenjambre.com\/wp-content\/uploads\/2025\/08\/1755287182779.jpg\" alt=\"Campo Bello - Actividad 4\" \/>\r\n      <!-- Fila 3 -->\r\n      <img decoding=\"async\" src=\"https:\/\/redenjambre.com\/wp-content\/uploads\/2025\/08\/1755287182807-scaled.jpg\" alt=\"Campo Bello - Actividad 5\" \/>\r\n      <img decoding=\"async\" src=\"https:\/\/redenjambre.com\/wp-content\/uploads\/2025\/08\/1755287182799-scaled.jpg\" alt=\"Campo Bello - Actividad 6\" \/>\r\n    <\/div>\r\n  <\/div>\r\n<\/div>\r\n\r\n<!-- \u00bfQuiere saber m\u00e1s? -->\r\n<div class=\"texto-negro\" style=\"margin-top: 30px; text-align: justify;\">\r\n  <h3 class=\"titulo-seccion\">\u00bfQuieres saber m\u00e1s?<\/h3>\r\n   Para m\u00e1s informaci\u00f3n sobre nuestras actividades, reservas o visitas, no dudes en ponerte en contacto con nosotros.\r\n  Estaremos encantados de atenderte y ayudarte a planificar tu experiencia en la finca.\r\n<\/div>\t\t<\/div>\n\t\t\t\t<\/div>\n\t\t\t\t\t<\/div>\n\t\t<\/div>\n\t\t\t\t\t<\/div>\n\t\t<\/section>\n\t\t\t\t<section class=\"elementor-section elementor-top-section elementor-element elementor-element-1a1a3e0 elementor-section-boxed elementor-section-height-default elementor-section-height-default\" data-id=\"1a1a3e0\" data-element_type=\"section\">\n\t\t\t\t\t\t<div class=\"elementor-container elementor-column-gap-default\">\n\t\t\t\t\t<div class=\"elementor-column elementor-col-100 elementor-top-column elementor-element elementor-element-1e1b117\" data-id=\"1e1b117\" data-element_type=\"column\">\n\t\t\t<div class=\"elementor-widget-wrap elementor-element-populated\">\n\t\t\t\t\t\t<div class=\"elementor-element elementor-element-e5cec3f elementor-widget elementor-widget-html\" data-id=\"e5cec3f\" data-element_type=\"widget\" data-widget_type=\"html.default\">\n\t\t\t\t<div class=\"elementor-widget-container\">\n\t\t\t<!-- Cargar Font Awesome si no est\u00e1 ya activo en tu tema -->\r\n<link rel=\"stylesheet\" href=\"https:\/\/cdnjs.cloudflare.com\/ajax\/libs\/font-awesome\/6.4.2\/css\/all.min.css\">\r\n\r\n<div style=\"background-color: #f9f9f9; padding: 20px; border-radius: 8px;\">\r\n  <h3 style=\"color: #2e5d34; margin-bottom: 15px;\">Contacto<\/h3>\r\n  <p style=\"margin-bottom: 15px; text-align: justify;\">\r\n\r\n  <\/p>\r\n\r\n  <p style=\"margin-bottom: 10px;\">\r\n  <i class=\"fas fa-phone\" style=\"color: #2e5d34; margin-right: 8px; transform: none !important;\"><\/i>\r\n  <strong>Tel\u00e9fono:<\/strong> +57 315 232 33 41 (Gabriel Chicaiza)\r\n<\/p>\r\n\r\n  <p style=\"margin-bottom: 10px;\">\r\n    <i class=\"fas fa-envelope\" style=\"color: #2e5d34; margin-right: 8px;\"><\/i>\r\n    <strong>Email:<\/strong> contacto@redenjambre.com\r\n  <\/p>\r\n\r\n  <p style=\"margin-bottom: 10px;\">\r\n    <i class=\"fas fa-map-marker-alt\" style=\"color: #2e5d34; margin-right: 8px;\"><\/i>\r\n    <strong>Ubicaci\u00f3n:<\/strong> Vereda El Sauce Bajo, La Uni\u00f3n, Nari\u00f1o\r\n  <\/p>\r\n\r\n  <p style=\"margin-top: 15px;\">\r\n   \t\t<\/div>\n\t\t\t\t<\/div>\n\t\t\t\t\t<\/div>\n\t\t<\/div>\n\t\t\t\t\t<\/div>\n\t\t<\/section>\n\t\t\t\t<\/div>\n\t\t","protected":false},"excerpt":{"rendered":"<p>\u00bfQui\u00e9nes Somos? Campo Bello es una finca agroecol\u00f3gica ubicada en la vereda Sauce Bajo, en el municipio de La Uni\u00f3n, a unos 30 minutos en autom\u00f3vil de la cabecera municipal. Su propietario, Don Gabriel Chicaiza, la hered\u00f3 de sus abuelos. Se trata de una construcci\u00f3n tradicional en tapia, cargada de historia y recuerdos familiares. Con &hellip; <\/p>\n<p class=\"link-more\"><a href=\"https:\/\/redenjambre.com\/index.php\/campo-bello\/\" class=\"more-link\">Leer m\u00e1s<span class=\"screen-reader-text\"> \u00abCampo Bello\u00bb<\/span><\/a><\/p>\n","protected":false},"author":1,"featured_media":0,"parent":0,"menu_order":0,"comment_status":"closed","ping_status":"closed","template":"","meta":{"footnotes":""},"jetpack_sharing_enabled":true,"featured_media_urls":[],"_links":{"self":[{"href":"https:\/\/redenjambre.com\/index.php\/wp-json\/wp\/v2\/pages\/1142"}],"collection":[{"href":"https:\/\/redenjambre.com\/index.php\/wp-json\/wp\/v2\/pages"}],"about":[{"href":"https:\/\/redenjambre.com\/index.php\/wp-json\/wp\/v2\/types\/page"}],"author":[{"embeddable":true,"href":"https:\/\/redenjambre.com\/index.php\/wp-json\/wp\/v2\/users\/1"}],"replies":[{"embeddable":true,"href":"https:\/\/redenjambre.com\/index.php\/wp-json\/wp\/v2\/comments?post=1142"}],"version-history":[{"count":15,"href":"https:\/\/redenjambre.com\/index.php\/wp-json\/wp\/v2\/pages\/1142\/revisions"}],"predecessor-version":[{"id":1293,"href":"https:\/\/redenjambre.com\/index.php\/wp-json\/wp\/v2\/pages\/1142\/revisions\/1293"}],"wp:attachment":[{"href":"https:\/\/redenjambre.com\/index.php\/wp-json\/wp\/v2\/media?parent=1142"}],"curies":[{"name":"wp","href":"https:\/\/api.w.org\/{rel}","templated":true}]}}