{"id":104,"date":"2023-11-14T18:51:23","date_gmt":"2023-11-14T17:51:23","guid":{"rendered":"https:\/\/redenjambre.com\/?page_id=104"},"modified":"2023-11-14T20:44:41","modified_gmt":"2023-11-14T19:44:41","slug":"ecotienda-intikary-yacuanquer","status":"publish","type":"page","link":"https:\/\/redenjambre.com\/index.php\/ecotienda-intikary-yacuanquer\/","title":{"rendered":"Ecotienda Intikary"},"content":{"rendered":"\n<figure class=\"wp-block-image aligncenter size-large is-resized\"><img fetchpriority=\"high\" decoding=\"async\" width=\"1024\" height=\"1024\" src=\"https:\/\/redenjambre.com\/wp-content\/uploads\/2023\/11\/LOGO-INTIKARY-1024x1024.png\" alt=\"\" class=\"wp-image-105\" style=\"aspect-ratio:1;width:430px;height:auto\" srcset=\"https:\/\/redenjambre.com\/wp-content\/uploads\/2023\/11\/LOGO-INTIKARY-1024x1024.png 1024w, https:\/\/redenjambre.com\/wp-content\/uploads\/2023\/11\/LOGO-INTIKARY-300x300.png 300w, https:\/\/redenjambre.com\/wp-content\/uploads\/2023\/11\/LOGO-INTIKARY-150x150.png 150w, https:\/\/redenjambre.com\/wp-content\/uploads\/2023\/11\/LOGO-INTIKARY-768x768.png 768w, https:\/\/redenjambre.com\/wp-content\/uploads\/2023\/11\/LOGO-INTIKARY-600x600.png 600w, https:\/\/redenjambre.com\/wp-content\/uploads\/2023\/11\/LOGO-INTIKARY-800x800.png 800w, https:\/\/redenjambre.com\/wp-content\/uploads\/2023\/11\/LOGO-INTIKARY.png 1080w\" sizes=\"(max-width: 1024px) 100vw, 1024px\" \/><\/figure>\n\n\n\n<p><strong>Ecotienda Intikary (Yacuanquer)<\/strong><\/p>\n\n\n\n<p>N\u00famero de participantes: 6 familias<\/p>\n\n\n\n<p><strong>Descripci\u00f3n del proceso de la organizaci\u00f3n:<\/strong><\/p>\n\n\n\n<p>Somos una asociaci\u00f3n conformada por 6 familias, ubicada en el barrio central de la vereda Chapacual, municipio de Yacuanquer, un territorio con una bondad de tres pisos t\u00e9rmicos, con una altura 2.160 m.s.n.m, lo que nos permite, tener una diversidad de productos, trabajando en la agricultura en transici\u00f3n agroecol\u00f3gica, bajo los principios de la econom\u00eda social y solidaria, tenemos una oferta de productos en fresco, transformados, bio abonos org\u00e1nicos, gastronom\u00eda tradicional, eco turismo y hacemos parte del proceso de certificaci\u00f3n bajo el Sistema Participativo de Garant\u00edas SPG.<\/p>\n\n\n\n<p><em>Enlaces:<\/em><\/p>\n\n\n\n<p>instagram: <a href=\"https:\/\/instagram.com\/intikary?igshid=MWtrbDFobXNyZjNmeg==\">https:\/\/instagram.com\/intikary?igshid=MWtrbDFobXNyZjNmeg==<\/a><\/p>\n\n\n\n<figure class=\"wp-block-gallery aligncenter has-nested-images columns-default is-cropped wp-block-gallery-1 is-layout-flex wp-block-gallery-is-layout-flex\">\n<figure class=\"wp-block-image size-large\"><img decoding=\"async\" width=\"1024\" height=\"882\" data-id=\"158\" src=\"https:\/\/redenjambre.com\/wp-content\/uploads\/2023\/11\/IMG-20230211-WA0046-1024x882.jpg\" alt=\"\" class=\"wp-image-158\" srcset=\"https:\/\/redenjambre.com\/wp-content\/uploads\/2023\/11\/IMG-20230211-WA0046-1024x882.jpg 1024w, https:\/\/redenjambre.com\/wp-content\/uploads\/2023\/11\/IMG-20230211-WA0046-300x258.jpg 300w, https:\/\/redenjambre.com\/wp-content\/uploads\/2023\/11\/IMG-20230211-WA0046-768x661.jpg 768w, https:\/\/redenjambre.com\/wp-content\/uploads\/2023\/11\/IMG-20230211-WA0046-600x517.jpg 600w, https:\/\/redenjambre.com\/wp-content\/uploads\/2023\/11\/IMG-20230211-WA0046-1200x1033.jpg 1200w, https:\/\/redenjambre.com\/wp-content\/uploads\/2023\/11\/IMG-20230211-WA0046.jpg 1280w\" sizes=\"(max-width: 1024px) 100vw, 1024px\" \/><\/figure>\n\n\n\n<figure class=\"wp-block-image size-large\"><img decoding=\"async\" width=\"1024\" height=\"1024\" data-id=\"161\" src=\"https:\/\/redenjambre.com\/wp-content\/uploads\/2023\/11\/MO-22-1024x1024.jpg\" alt=\"\" class=\"wp-image-161\" srcset=\"https:\/\/redenjambre.com\/wp-content\/uploads\/2023\/11\/MO-22-1024x1024.jpg 1024w, https:\/\/redenjambre.com\/wp-content\/uploads\/2023\/11\/MO-22-300x300.jpg 300w, https:\/\/redenjambre.com\/wp-content\/uploads\/2023\/11\/MO-22-150x150.jpg 150w, https:\/\/redenjambre.com\/wp-content\/uploads\/2023\/11\/MO-22-768x768.jpg 768w, https:\/\/redenjambre.com\/wp-content\/uploads\/2023\/11\/MO-22-600x600.jpg 600w, https:\/\/redenjambre.com\/wp-content\/uploads\/2023\/11\/MO-22-800x800.jpg 800w, https:\/\/redenjambre.com\/wp-content\/uploads\/2023\/11\/MO-22.jpg 1080w\" sizes=\"(max-width: 1024px) 100vw, 1024px\" \/><\/figure>\n\n\n\n<figure class=\"wp-block-image size-large\"><img loading=\"lazy\" decoding=\"async\" width=\"1024\" height=\"768\" data-id=\"157\" src=\"https:\/\/redenjambre.com\/wp-content\/uploads\/2023\/11\/WhatsApp-Image-2023-02-27-at-1.41.58-PM.jpeg\" alt=\"\" class=\"wp-image-157\" srcset=\"https:\/\/redenjambre.com\/wp-content\/uploads\/2023\/11\/WhatsApp-Image-2023-02-27-at-1.41.58-PM.jpeg 1024w, https:\/\/redenjambre.com\/wp-content\/uploads\/2023\/11\/WhatsApp-Image-2023-02-27-at-1.41.58-PM-300x225.jpeg 300w, https:\/\/redenjambre.com\/wp-content\/uploads\/2023\/11\/WhatsApp-Image-2023-02-27-at-1.41.58-PM-768x576.jpeg 768w, https:\/\/redenjambre.com\/wp-content\/uploads\/2023\/11\/WhatsApp-Image-2023-02-27-at-1.41.58-PM-600x450.jpeg 600w\" sizes=\"(max-width: 1024px) 100vw, 1024px\" \/><\/figure>\n\n\n\n<figure class=\"wp-block-image size-large\"><img loading=\"lazy\" decoding=\"async\" width=\"1024\" height=\"768\" data-id=\"159\" src=\"https:\/\/redenjambre.com\/wp-content\/uploads\/2023\/11\/WhatsApp-Image-2023-11-07-at-09.23.04-1024x768.jpeg\" alt=\"\" class=\"wp-image-159\" srcset=\"https:\/\/redenjambre.com\/wp-content\/uploads\/2023\/11\/WhatsApp-Image-2023-11-07-at-09.23.04-1024x768.jpeg 1024w, https:\/\/redenjambre.com\/wp-content\/uploads\/2023\/11\/WhatsApp-Image-2023-11-07-at-09.23.04-300x225.jpeg 300w, https:\/\/redenjambre.com\/wp-content\/uploads\/2023\/11\/WhatsApp-Image-2023-11-07-at-09.23.04-768x576.jpeg 768w, https:\/\/redenjambre.com\/wp-content\/uploads\/2023\/11\/WhatsApp-Image-2023-11-07-at-09.23.04-1536x1152.jpeg 1536w, https:\/\/redenjambre.com\/wp-content\/uploads\/2023\/11\/WhatsApp-Image-2023-11-07-at-09.23.04-600x450.jpeg 600w, https:\/\/redenjambre.com\/wp-content\/uploads\/2023\/11\/WhatsApp-Image-2023-11-07-at-09.23.04-1200x900.jpeg 1200w, https:\/\/redenjambre.com\/wp-content\/uploads\/2023\/11\/WhatsApp-Image-2023-11-07-at-09.23.04.jpeg 1600w\" sizes=\"(max-width: 1024px) 100vw, 1024px\" \/><\/figure>\n\n\n\n<figure class=\"wp-block-image size-large\"><img loading=\"lazy\" decoding=\"async\" width=\"1024\" height=\"768\" data-id=\"160\" src=\"https:\/\/redenjambre.com\/wp-content\/uploads\/2023\/11\/WhatsApp-Image-2023-11-07-at-09.23.05-1024x768.jpeg\" alt=\"\" class=\"wp-image-160\" srcset=\"https:\/\/redenjambre.com\/wp-content\/uploads\/2023\/11\/WhatsApp-Image-2023-11-07-at-09.23.05-1024x768.jpeg 1024w, https:\/\/redenjambre.com\/wp-content\/uploads\/2023\/11\/WhatsApp-Image-2023-11-07-at-09.23.05-300x225.jpeg 300w, https:\/\/redenjambre.com\/wp-content\/uploads\/2023\/11\/WhatsApp-Image-2023-11-07-at-09.23.05-768x576.jpeg 768w, https:\/\/redenjambre.com\/wp-content\/uploads\/2023\/11\/WhatsApp-Image-2023-11-07-at-09.23.05-1536x1152.jpeg 1536w, https:\/\/redenjambre.com\/wp-content\/uploads\/2023\/11\/WhatsApp-Image-2023-11-07-at-09.23.05-600x450.jpeg 600w, https:\/\/redenjambre.com\/wp-content\/uploads\/2023\/11\/WhatsApp-Image-2023-11-07-at-09.23.05-1200x900.jpeg 1200w, https:\/\/redenjambre.com\/wp-content\/uploads\/2023\/11\/WhatsApp-Image-2023-11-07-at-09.23.05.jpeg 1600w\" sizes=\"(max-width: 1024px) 100vw, 1024px\" \/><\/figure>\n<\/figure>\n","protected":false},"excerpt":{"rendered":"<p>Ecotienda Intikary (Yacuanquer) N\u00famero de participantes: 6 familias Descripci\u00f3n del proceso de la organizaci\u00f3n: Somos una asociaci\u00f3n conformada por 6 familias, ubicada en el barrio central de la vereda Chapacual, municipio de Yacuanquer, un territorio con una bondad de tres pisos t\u00e9rmicos, con una altura 2.160 m.s.n.m, lo que nos permite, tener una diversidad de &hellip; <\/p>\n<p class=\"link-more\"><a href=\"https:\/\/redenjambre.com\/index.php\/ecotienda-intikary-yacuanquer\/\" class=\"more-link\">Leer m\u00e1s<span class=\"screen-reader-text\"> \u00abEcotienda Intikary\u00bb<\/span><\/a><\/p>\n","protected":false},"author":1,"featured_media":0,"parent":0,"menu_order":0,"comment_status":"closed","ping_status":"closed","template":"","meta":{"footnotes":""},"jetpack_sharing_enabled":true,"featured_media_urls":[],"_links":{"self":[{"href":"https:\/\/redenjambre.com\/index.php\/wp-json\/wp\/v2\/pages\/104"}],"collection":[{"href":"https:\/\/redenjambre.com\/index.php\/wp-json\/wp\/v2\/pages"}],"about":[{"href":"https:\/\/redenjambre.com\/index.php\/wp-json\/wp\/v2\/types\/page"}],"author":[{"embeddable":true,"href":"https:\/\/redenjambre.com\/index.php\/wp-json\/wp\/v2\/users\/1"}],"replies":[{"embeddable":true,"href":"https:\/\/redenjambre.com\/index.php\/wp-json\/wp\/v2\/comments?post=104"}],"version-history":[{"count":3,"href":"https:\/\/redenjambre.com\/index.php\/wp-json\/wp\/v2\/pages\/104\/revisions"}],"predecessor-version":[{"id":205,"href":"https:\/\/redenjambre.com\/index.php\/wp-json\/wp\/v2\/pages\/104\/revisions\/205"}],"wp:attachment":[{"href":"https:\/\/redenjambre.com\/index.php\/wp-json\/wp\/v2\/media?parent=104"}],"curies":[{"name":"wp","href":"https:\/\/api.w.org\/{rel}","templated":true}]}}