{"id":1015,"date":"2025-08-16T00:33:47","date_gmt":"2025-08-15T22:33:47","guid":{"rendered":"https:\/\/redenjambre.com\/?page_id=1015"},"modified":"2025-08-18T22:50:31","modified_gmt":"2025-08-18T20:50:31","slug":"conoce-nuestras-fincas-escuela","status":"publish","type":"page","link":"https:\/\/redenjambre.com\/index.php\/proceso-san-lorenzo\/conoce-nuestras-fincas-escuela\/","title":{"rendered":"Conoce Nuestras Fincas Escuela"},"content":{"rendered":"\t\t<div data-elementor-type=\"wp-page\" data-elementor-id=\"1015\" class=\"elementor elementor-1015\">\n\t\t\t\t\t\t<section class=\"elementor-section elementor-top-section elementor-element elementor-element-c8771fc elementor-section-boxed elementor-section-height-default elementor-section-height-default\" data-id=\"c8771fc\" data-element_type=\"section\">\n\t\t\t\t\t\t<div class=\"elementor-container elementor-column-gap-default\">\n\t\t\t\t\t<div class=\"elementor-column elementor-col-100 elementor-top-column elementor-element elementor-element-1eb7c41\" data-id=\"1eb7c41\" data-element_type=\"column\">\n\t\t\t<div class=\"elementor-widget-wrap elementor-element-populated\">\n\t\t\t\t\t\t<div class=\"elementor-element elementor-element-4bfbeba elementor-widget elementor-widget-html\" data-id=\"4bfbeba\" data-element_type=\"widget\" data-widget_type=\"html.default\">\n\t\t\t\t<div class=\"elementor-widget-container\">\n\t\t\t<style>\r\n  .fincas-wrap {\r\n    display: flex;\r\n    flex-wrap: wrap;\r\n    gap: 20px;\r\n    align-items: flex-start;\r\n    color: #000;\r\n  }\r\n  .fincas-texto {\r\n    flex: 1;\r\n    min-width: 300px;\r\n    text-align: justify;\r\n  }\r\n  .mapa-wrap {\r\n    flex: 1;\r\n    min-width: 300px;\r\n    text-align: center;\r\n  }\r\n  .mapa-box {\r\n    position: relative;\r\n    display: inline-block;\r\n    max-width: 100%;\r\n    border: 2px solid #ccc;\r\n    border-radius: 8px;\r\n    overflow: hidden;\r\n  }\r\n  .mapa-box img {\r\n    display: block;\r\n    width: 100%;\r\n    height: auto;\r\n  }\r\n  .pin {\r\n    position: absolute;\r\n    width: 26px;\r\n    height: 26px;\r\n    transform: translate(-50%, -100%);\r\n    cursor: pointer;\r\n    transition: transform .15s ease;\r\n  }\r\n  .pin:hover {\r\n    transform: translate(-50%, -100%) scale(1.1);\r\n  }\r\n  .mapa-pie {\r\n    margin-top: 8px;\r\n    font-style: italic;\r\n    font-size: .95em;\r\n    color: #000;\r\n    font-weight: bold; \/* negrita *\/\r\n  }\r\n<\/style>\r\n\r\n<div class=\"fincas-wrap\">\r\n  <div class=\"fincas-texto\">\r\n    Las fincas escuela son espacios de aprendizaje vivo donde se combinan la producci\u00f3n agroecol\u00f3gica,\r\n    la preservaci\u00f3n del medio ambiente y la transmisi\u00f3n de saberes comunitarios. En ellas, visitantes y comunidades \r\n    pueden participar en actividades pr\u00e1cticas, descubrir t\u00e9cnicas agrarias sostenibles y fortalecer el v\u00ednculo con la tierra. \r\n    No obstante, tambi\u00e9n son lugares id\u00f3neos para desconectar de la rutina y la ciudad, y reconectar con la naturaleza y la calma que esta nos regala.\r\n\r\n    <br><br>\r\n\r\n    Actualmente contamos con cinco fincas escuela agroecol\u00f3gicas en el departamento de Nari\u00f1o, las cu\u00e1les ofrecen hospedaje \r\n    adem\u00e1s de muchos otros servicios y actividades \u00fanicas. Se encuentran ubicadas en los municipios de Chachag\u00fc\u00ed, San Lorenzo y La Uni\u00f3n, \r\n    cada una con su propia esencia e historia.\r\n  <\/div>\r\n\r\n  <div class=\"mapa-wrap\">\r\n    <div class=\"mapa-box\" style=\"width: 100%; max-width: 780px;\">\r\n      <img decoding=\"async\" src=\"https:\/\/redenjambre.com\/wp-content\/uploads\/2025\/08\/Diseno-sin-titulo-1.jpg\" alt=\"Mapa de las fincas escuela\" \/>\r\n      \r\n      <!-- Pines rojos con im\u00e1genes para que se vean -->\r\n      <a class=\"pin\" style=\"left: 39.8%; top: 55.5%;\" title=\"La Chagra Santa Mar\u00eda\" href=\"https:\/\/redenjambre.com\/?page_id=1031\" target=\"_blank\">\r\n        <img decoding=\"async\" src=\"https:\/\/cdn-icons-png.flaticon.com\/512\/684\/684908.png\" alt=\"Pin rojo\" \/>\r\n      <\/a>\r\n      <a class=\"pin\" style=\"left: 44.5%; top: 20%;\" title=\"El Mirador\" href=\"https:\/\/redenjambre.com\/?page_id=1171\" target=\"_blank\">\r\n        <img decoding=\"async\" src=\"https:\/\/cdn-icons-png.flaticon.com\/512\/684\/684908.png\" alt=\"Pin rojo\" \/>\r\n      <\/a>\r\n      <a class=\"pin\" style=\"left: 48.3%; top: 13%;\" title=\"La Araucaria\" href=\"https:\/\/redenjambre.com\/?page_id=1153\" target=\"_blank\">\r\n        <img decoding=\"async\" src=\"https:\/\/cdn-icons-png.flaticon.com\/512\/684\/684908.png\" alt=\"Pin rojo\" \/>\r\n      <\/a>\r\n      <a class=\"pin\" style=\"left: 55.3%; top: 12%;\" title=\"Vista Hermosa\" href=\"https:\/\/redenjambre.com\/?page_id=1106\" target=\"_blank\">\r\n        <img decoding=\"async\" src=\"https:\/\/cdn-icons-png.flaticon.com\/512\/684\/684908.png\" alt=\"Pin rojo\" \/>\r\n      <\/a>\r\n      <a class=\"pin\" style=\"left: 63.7%; top: 11%;\" title=\"Campo Bello\" href=\"https:\/\/redenjambre.com\/?page_id=1142\" target=\"_blank\">\r\n        <img decoding=\"async\" src=\"https:\/\/cdn-icons-png.flaticon.com\/512\/684\/684908.png\" alt=\"Pin rojo\" \/>\r\n      <\/a>\r\n    <\/div>\r\n\r\n    <div class=\"mapa-pie\">\r\n      \u00a1Haga clic en cualquiera de las ubicaciones del mapa y conozca cada una de nuestras fincas!\r\n    <\/div>\r\n  <\/div>\r\n<\/div>\r\n\r\n   \t\t<\/div>\n\t\t\t\t<\/div>\n\t\t\t\t\t<\/div>\n\t\t<\/div>\n\t\t\t\t\t<\/div>\n\t\t<\/section>\n\t\t\t\t<\/div>\n\t\t","protected":false},"excerpt":{"rendered":"<p>Las fincas escuela son espacios de aprendizaje vivo donde se combinan la producci\u00f3n agroecol\u00f3gica, la preservaci\u00f3n del medio ambiente y la transmisi\u00f3n de saberes comunitarios. En ellas, visitantes y comunidades pueden participar en actividades pr\u00e1cticas, descubrir t\u00e9cnicas agrarias sostenibles y fortalecer el v\u00ednculo con la tierra. No obstante, tambi\u00e9n son lugares id\u00f3neos para desconectar de &hellip; <\/p>\n<p class=\"link-more\"><a href=\"https:\/\/redenjambre.com\/index.php\/proceso-san-lorenzo\/conoce-nuestras-fincas-escuela\/\" class=\"more-link\">Leer m\u00e1s<span class=\"screen-reader-text\"> \u00abConoce Nuestras Fincas Escuela\u00bb<\/span><\/a><\/p>\n","protected":false},"author":1,"featured_media":0,"parent":388,"menu_order":0,"comment_status":"closed","ping_status":"closed","template":"","meta":{"footnotes":""},"jetpack_sharing_enabled":true,"featured_media_urls":[],"_links":{"self":[{"href":"https:\/\/redenjambre.com\/index.php\/wp-json\/wp\/v2\/pages\/1015"}],"collection":[{"href":"https:\/\/redenjambre.com\/index.php\/wp-json\/wp\/v2\/pages"}],"about":[{"href":"https:\/\/redenjambre.com\/index.php\/wp-json\/wp\/v2\/types\/page"}],"author":[{"embeddable":true,"href":"https:\/\/redenjambre.com\/index.php\/wp-json\/wp\/v2\/users\/1"}],"replies":[{"embeddable":true,"href":"https:\/\/redenjambre.com\/index.php\/wp-json\/wp\/v2\/comments?post=1015"}],"version-history":[{"count":50,"href":"https:\/\/redenjambre.com\/index.php\/wp-json\/wp\/v2\/pages\/1015\/revisions"}],"predecessor-version":[{"id":1267,"href":"https:\/\/redenjambre.com\/index.php\/wp-json\/wp\/v2\/pages\/1015\/revisions\/1267"}],"up":[{"embeddable":true,"href":"https:\/\/redenjambre.com\/index.php\/wp-json\/wp\/v2\/pages\/388"}],"wp:attachment":[{"href":"https:\/\/redenjambre.com\/index.php\/wp-json\/wp\/v2\/media?parent=1015"}],"curies":[{"name":"wp","href":"https:\/\/api.w.org\/{rel}","templated":true}]}}