{"id":101,"date":"2023-11-14T18:49:45","date_gmt":"2023-11-14T17:49:45","guid":{"rendered":"https:\/\/redenjambre.com\/?page_id=101"},"modified":"2023-11-14T20:44:21","modified_gmt":"2023-11-14T19:44:21","slug":"asociacion-agroecologica-y-ambiental-flor-de-monte-consaca","status":"publish","type":"page","link":"https:\/\/redenjambre.com\/index.php\/asociacion-agroecologica-y-ambiental-flor-de-monte-consaca\/","title":{"rendered":"Asociaci\u00f3n Agroecol\u00f3gica y Ambiental Flor de Monte"},"content":{"rendered":"\n<figure class=\"wp-block-image aligncenter size-large is-resized\"><img fetchpriority=\"high\" decoding=\"async\" width=\"1024\" height=\"1024\" src=\"https:\/\/redenjambre.com\/wp-content\/uploads\/2023\/11\/Flor-de-monte-1024x1024.png\" alt=\"\" class=\"wp-image-102\" style=\"aspect-ratio:1;width:424px;height:auto\" srcset=\"https:\/\/redenjambre.com\/wp-content\/uploads\/2023\/11\/Flor-de-monte-1024x1024.png 1024w, https:\/\/redenjambre.com\/wp-content\/uploads\/2023\/11\/Flor-de-monte-300x300.png 300w, https:\/\/redenjambre.com\/wp-content\/uploads\/2023\/11\/Flor-de-monte-150x150.png 150w, https:\/\/redenjambre.com\/wp-content\/uploads\/2023\/11\/Flor-de-monte-768x768.png 768w, https:\/\/redenjambre.com\/wp-content\/uploads\/2023\/11\/Flor-de-monte-1536x1536.png 1536w, https:\/\/redenjambre.com\/wp-content\/uploads\/2023\/11\/Flor-de-monte-2048x2048.png 2048w, https:\/\/redenjambre.com\/wp-content\/uploads\/2023\/11\/Flor-de-monte-2000x2000.png 2000w, https:\/\/redenjambre.com\/wp-content\/uploads\/2023\/11\/Flor-de-monte-600x600.png 600w, https:\/\/redenjambre.com\/wp-content\/uploads\/2023\/11\/Flor-de-monte-1200x1200.png 1200w, https:\/\/redenjambre.com\/wp-content\/uploads\/2023\/11\/Flor-de-monte-800x800.png 800w\" sizes=\"(max-width: 1024px) 100vw, 1024px\" \/><\/figure>\n\n\n\n<p><strong>Asociaci\u00f3n Agroecol\u00f3gica y Ambiental Flor de Monte (Consac\u00e1)<\/strong><\/p>\n\n\n\n<p>N\u00famero de participantes: 10 familias<\/p>\n\n\n\n<p><strong>Descripci\u00f3n del proceso de la organizaci\u00f3n:<\/strong><\/p>\n\n\n\n<p>Somos una asociaci\u00f3n ubicada en la vereda Cariaco Bajo, municipio de Consac\u00e1, conformada por un grupo de mujeres y hombres que trabajamos en la agricultura en transici\u00f3n agroecol\u00f3gica, bajo los principios de la econom\u00eda social y solidaria, tenemos una oferta de productos en fresco, transformados, gastronom\u00eda tradicional y eco turismo. Contamos con nuestro Grupo Autogestionado de Ahorro y Cr\u00e9dito GAAC, somos custodias y custodios de semillas nativas y criollas, articulamos a nuestros procesos a j\u00f3venes y ni\u00f1os para promover una participaci\u00f3n activa en el territorio y hacemos parte del proceso de certificaci\u00f3n bajo el Sistema Participativo de Garant\u00edas SPG.<\/p>\n\n\n\n<p><em>Enlaces:<\/em><\/p>\n\n\n\n<p>Facebook: <a href=\"https:\/\/m.facebook.com\/profile.php?id=100063939647412&amp;locale=ms_MY&amp;_rdr\">https:\/\/m.facebook.com\/profile.php?id=100063939647412&amp;locale=ms_MY&amp;_rdr<\/a><\/p>\n\n\n\n<figure class=\"wp-block-gallery aligncenter has-nested-images columns-default is-cropped wp-block-gallery-1 is-layout-flex wp-block-gallery-is-layout-flex\">\n<figure class=\"wp-block-image size-large\"><img decoding=\"async\" width=\"1024\" height=\"1024\" data-id=\"155\" src=\"https:\/\/redenjambre.com\/wp-content\/uploads\/2023\/11\/20231006_171732-1024x1024.jpg\" alt=\"\" class=\"wp-image-155\" srcset=\"https:\/\/redenjambre.com\/wp-content\/uploads\/2023\/11\/20231006_171732-1024x1024.jpg 1024w, https:\/\/redenjambre.com\/wp-content\/uploads\/2023\/11\/20231006_171732-300x300.jpg 300w, https:\/\/redenjambre.com\/wp-content\/uploads\/2023\/11\/20231006_171732-150x150.jpg 150w, https:\/\/redenjambre.com\/wp-content\/uploads\/2023\/11\/20231006_171732-768x768.jpg 768w, https:\/\/redenjambre.com\/wp-content\/uploads\/2023\/11\/20231006_171732-1536x1536.jpg 1536w, https:\/\/redenjambre.com\/wp-content\/uploads\/2023\/11\/20231006_171732-2048x2048.jpg 2048w, https:\/\/redenjambre.com\/wp-content\/uploads\/2023\/11\/20231006_171732-2000x2000.jpg 2000w, https:\/\/redenjambre.com\/wp-content\/uploads\/2023\/11\/20231006_171732-600x600.jpg 600w, https:\/\/redenjambre.com\/wp-content\/uploads\/2023\/11\/20231006_171732-1200x1200.jpg 1200w, https:\/\/redenjambre.com\/wp-content\/uploads\/2023\/11\/20231006_171732-800x800.jpg 800w\" sizes=\"(max-width: 1024px) 100vw, 1024px\" \/><\/figure>\n\n\n\n<figure class=\"wp-block-image size-large\"><img decoding=\"async\" width=\"1024\" height=\"768\" data-id=\"153\" src=\"https:\/\/redenjambre.com\/wp-content\/uploads\/2023\/11\/IMG-20230508-WA0003.jpg\" alt=\"\" class=\"wp-image-153\" srcset=\"https:\/\/redenjambre.com\/wp-content\/uploads\/2023\/11\/IMG-20230508-WA0003.jpg 1024w, https:\/\/redenjambre.com\/wp-content\/uploads\/2023\/11\/IMG-20230508-WA0003-300x225.jpg 300w, https:\/\/redenjambre.com\/wp-content\/uploads\/2023\/11\/IMG-20230508-WA0003-768x576.jpg 768w, https:\/\/redenjambre.com\/wp-content\/uploads\/2023\/11\/IMG-20230508-WA0003-600x450.jpg 600w\" sizes=\"(max-width: 1024px) 100vw, 1024px\" \/><\/figure>\n\n\n\n<figure class=\"wp-block-image size-large\"><img loading=\"lazy\" decoding=\"async\" width=\"543\" height=\"720\" data-id=\"151\" src=\"https:\/\/redenjambre.com\/wp-content\/uploads\/2023\/11\/WhatsApp-Image-2023-11-03-at-15.15.59.jpeg\" alt=\"\" class=\"wp-image-151\" srcset=\"https:\/\/redenjambre.com\/wp-content\/uploads\/2023\/11\/WhatsApp-Image-2023-11-03-at-15.15.59.jpeg 543w, https:\/\/redenjambre.com\/wp-content\/uploads\/2023\/11\/WhatsApp-Image-2023-11-03-at-15.15.59-226x300.jpeg 226w\" sizes=\"(max-width: 543px) 100vw, 543px\" \/><\/figure>\n\n\n\n<figure class=\"wp-block-image size-large\"><img loading=\"lazy\" decoding=\"async\" width=\"768\" height=\"1024\" data-id=\"154\" src=\"https:\/\/redenjambre.com\/wp-content\/uploads\/2023\/11\/WhatsApp-Image-2023-11-03-at-15.15.59-1-768x1024.jpeg\" alt=\"\" class=\"wp-image-154\" srcset=\"https:\/\/redenjambre.com\/wp-content\/uploads\/2023\/11\/WhatsApp-Image-2023-11-03-at-15.15.59-1-768x1024.jpeg 768w, https:\/\/redenjambre.com\/wp-content\/uploads\/2023\/11\/WhatsApp-Image-2023-11-03-at-15.15.59-1-225x300.jpeg 225w, https:\/\/redenjambre.com\/wp-content\/uploads\/2023\/11\/WhatsApp-Image-2023-11-03-at-15.15.59-1-1152x1536.jpeg 1152w, https:\/\/redenjambre.com\/wp-content\/uploads\/2023\/11\/WhatsApp-Image-2023-11-03-at-15.15.59-1-600x800.jpeg 600w, https:\/\/redenjambre.com\/wp-content\/uploads\/2023\/11\/WhatsApp-Image-2023-11-03-at-15.15.59-1.jpeg 1200w\" sizes=\"(max-width: 768px) 100vw, 768px\" \/><\/figure>\n\n\n\n<figure class=\"wp-block-image size-large\"><img loading=\"lazy\" decoding=\"async\" width=\"1024\" height=\"768\" data-id=\"152\" src=\"https:\/\/redenjambre.com\/wp-content\/uploads\/2023\/11\/WhatsApp-Image-2023-11-03-at-15.15.59-3-1024x768.jpeg\" alt=\"\" class=\"wp-image-152\" srcset=\"https:\/\/redenjambre.com\/wp-content\/uploads\/2023\/11\/WhatsApp-Image-2023-11-03-at-15.15.59-3-1024x768.jpeg 1024w, https:\/\/redenjambre.com\/wp-content\/uploads\/2023\/11\/WhatsApp-Image-2023-11-03-at-15.15.59-3-300x225.jpeg 300w, https:\/\/redenjambre.com\/wp-content\/uploads\/2023\/11\/WhatsApp-Image-2023-11-03-at-15.15.59-3-768x576.jpeg 768w, https:\/\/redenjambre.com\/wp-content\/uploads\/2023\/11\/WhatsApp-Image-2023-11-03-at-15.15.59-3-600x450.jpeg 600w, https:\/\/redenjambre.com\/wp-content\/uploads\/2023\/11\/WhatsApp-Image-2023-11-03-at-15.15.59-3-1200x900.jpeg 1200w, https:\/\/redenjambre.com\/wp-content\/uploads\/2023\/11\/WhatsApp-Image-2023-11-03-at-15.15.59-3.jpeg 1280w\" sizes=\"(max-width: 1024px) 100vw, 1024px\" \/><\/figure>\n<\/figure>\n","protected":false},"excerpt":{"rendered":"<p>Asociaci\u00f3n Agroecol\u00f3gica y Ambiental Flor de Monte (Consac\u00e1) N\u00famero de participantes: 10 familias Descripci\u00f3n del proceso de la organizaci\u00f3n: Somos una asociaci\u00f3n ubicada en la vereda Cariaco Bajo, municipio de Consac\u00e1, conformada por un grupo de mujeres y hombres que trabajamos en la agricultura en transici\u00f3n agroecol\u00f3gica, bajo los principios de la econom\u00eda social y &hellip; <\/p>\n<p class=\"link-more\"><a href=\"https:\/\/redenjambre.com\/index.php\/asociacion-agroecologica-y-ambiental-flor-de-monte-consaca\/\" class=\"more-link\">Leer m\u00e1s<span class=\"screen-reader-text\"> \u00abAsociaci\u00f3n Agroecol\u00f3gica y Ambiental Flor de Monte\u00bb<\/span><\/a><\/p>\n","protected":false},"author":1,"featured_media":0,"parent":0,"menu_order":0,"comment_status":"closed","ping_status":"closed","template":"","meta":{"footnotes":""},"jetpack_sharing_enabled":true,"featured_media_urls":[],"_links":{"self":[{"href":"https:\/\/redenjambre.com\/index.php\/wp-json\/wp\/v2\/pages\/101"}],"collection":[{"href":"https:\/\/redenjambre.com\/index.php\/wp-json\/wp\/v2\/pages"}],"about":[{"href":"https:\/\/redenjambre.com\/index.php\/wp-json\/wp\/v2\/types\/page"}],"author":[{"embeddable":true,"href":"https:\/\/redenjambre.com\/index.php\/wp-json\/wp\/v2\/users\/1"}],"replies":[{"embeddable":true,"href":"https:\/\/redenjambre.com\/index.php\/wp-json\/wp\/v2\/comments?post=101"}],"version-history":[{"count":3,"href":"https:\/\/redenjambre.com\/index.php\/wp-json\/wp\/v2\/pages\/101\/revisions"}],"predecessor-version":[{"id":203,"href":"https:\/\/redenjambre.com\/index.php\/wp-json\/wp\/v2\/pages\/101\/revisions\/203"}],"wp:attachment":[{"href":"https:\/\/redenjambre.com\/index.php\/wp-json\/wp\/v2\/media?parent=101"}],"curies":[{"name":"wp","href":"https:\/\/api.w.org\/{rel}","templated":true}]}}